{"id":6294,"date":"2022-10-14T17:00:44","date_gmt":"2022-10-14T16:00:44","guid":{"rendered":"https:\/\/dev.verae.pt\/demo\/amr5\/produto\/protetores-de-almofada\/"},"modified":"2022-11-04T10:00:09","modified_gmt":"2022-11-04T10:00:09","slug":"protetor-de-almofada","status":"publish","type":"product","link":"https:\/\/www.amr.pt\/store\/produto\/protetor-de-almofada\/","title":{"rendered":"Protetor de Almofada"},"content":{"rendered":"<p><strong>Especifica\u00e7\u00f5es<\/strong><br \/>\nCom pala interior de 20 cm.<br \/>\nLaminado com poliuretano.<br \/>\nImperme\u00e1vel.<\/p>\n<p><strong>Cuidados<\/strong><br \/>\n<img decoding=\"async\" loading=\"lazy\" class=\"alignnone size-full wp-image-8116\" src=\"https:\/\/www.amr.pt\/store\/wp-content\/uploads\/icons-cuidados-sl1.png\" alt=\"\" width=\"222\" height=\"46\" \/><\/p>\n<p><strong>Origem<\/strong><br \/>\nProduzido em Portugal<\/p>\n","protected":false},"excerpt":{"rendered":"<p>Especifica\u00e7\u00f5es Com pala interior de 20 cm. Laminado com poliuretano. Imperme\u00e1vel. Cuidados Origem Produzido em Portugal<\/p>\n","protected":false},"featured_media":8085,"template":"","meta":[],"product_cat":[417,923,905],"product_tag":[1007],"_links":{"self":[{"href":"https:\/\/www.amr.pt\/store\/wp-json\/wp\/v2\/product\/6294"}],"collection":[{"href":"https:\/\/www.amr.pt\/store\/wp-json\/wp\/v2\/product"}],"about":[{"href":"https:\/\/www.amr.pt\/store\/wp-json\/wp\/v2\/types\/product"}],"wp:featuredmedia":[{"embeddable":true,"href":"https:\/\/www.amr.pt\/store\/wp-json\/wp\/v2\/media\/8085"}],"wp:attachment":[{"href":"https:\/\/www.amr.pt\/store\/wp-json\/wp\/v2\/media?parent=6294"}],"wp:term":[{"taxonomy":"product_cat","embeddable":true,"href":"https:\/\/www.amr.pt\/store\/wp-json\/wp\/v2\/product_cat?post=6294"},{"taxonomy":"product_tag","embeddable":true,"href":"https:\/\/www.amr.pt\/store\/wp-json\/wp\/v2\/product_tag?post=6294"}],"curies":[{"name":"wp","href":"https:\/\/api.w.org\/{rel}","templated":true}]}}